d by t(7).
16
Suppose 3*l - 34 = -2*j + 19, 0 = 4*j - l - 99. Suppose 5 = 4*x - q - 4*q, -27 = -3*x - 4*q. Let f = 14 - x. What is the remainder when j is divided by f?
7
Suppose 3*b = -2*p - 2, 3*b + 5 = -p + 1. Suppose -p*x + 6 = -x. Let q(f) = -f + 16. Calculate the remainder when q(0) is divided by x.
4
Let b(u) = u**3 - 6*u**2 - 2. Let r be b(6). Let v(h) = -4*h**3 - 2*h**2 + 2. Calculate the remainder when v(r) is divided by 7.
5
Let k(x) be the first derivative of -x**2/2 - 6*x + 1. What is the remainder when 2 is divided by k(-8)?
0
Suppose c - 26 = -20. Calculate the remainder when (-122)/(-14) + (-4)/(-14) is divided by c.
3
Let s be (-6)/(-18) - 106/(-6). Suppose 5*f - 88 + s = 0. What is the remainder when f is divided by 5?
4
Suppose -5*l + 47 + 78 = 0. Calculate the remainder when 48 is divided by l.
23
Suppose -6*q = -11*q + 70. Calculate the remainder when q is divided by 5.
4
Let u be 16/(-4) + -1 + 4. Let g(y) = -7*y**3 + y**2 + 2*y + 1. Calculate the remainder when 20 is divided by g(u).
6
Let a(w) = w + 3. Let q be a(-3). Suppose -2*o + q*o + 6 = 0. Suppose 4*g - 23 = 4*i - 3, -5*i - 7 = -o*g. Calculate the remainder when 25 is divided by g.
7
Suppose -a - 3 = -2*a. Let f be (-77)/(-2) + 1/2. Suppose -f + 11 = -4*p. What is the remainder when p is divided by a?
1
Let r = 95 - 63. Suppose 169 + 136 = 5*c. Calculate the remainder when c is divided by r.
29
Suppose -3*c + 5*p + 5 = -13, -3*c - 3*p = -18. Let d be 15/c - 1/2. Suppose 0 = 6*x - 4*x - d. What is the remainder when 1 is divided by x?
0
Suppose 0 = -5*r + 18 + 27. Let b(c) = c**2 + 2*c + 1. Let h be b(-1). What is the remainder when -16*(h + (-3)/2) is divided by r?
6
Suppose 7*l + 115 = 2*l. Let k = -12 - l. Calculate the remainder when 31 is divided by k.
9
Suppose 4*y - 4 = 4*o, y + 3*y - o - 19 = 0. What is the remainder when 23 is divided by y?
5
Let s(k) be the first derivative of k**4/4 - 4*k**3/3 - 5*k**2/2 + 5*k - 6. What is the remainder when 17 is divided by s(5)?
2
Suppose -4*p + 2*b + 74 = -b, 4*b = 3*p - 59. Calculate the remainder when p is divided by 9.
8
What is the remainder when 124 is divided by 1 - (7/(28/8) - 22)?
19
Let i = 45 + 159. Suppose 0*f + i = 4*f. Calculate the remainder when f is divided by 18.
15
Suppose 0*c + 19 = 5*d + 4*c, -48 = -4*d + 5*c. What is the remainder when 34 is divided by d?
6
Suppose 3*m - 3*f = 9, -f = -3*m - 0*m + 7. Suppose -y - 17 = -6*b + b, -5*y + 7 = -m*b. What is the remainder when 15 is divided by b?
3
Let d(q) = -q**2 - 2*q + 4. Let l be d(3). Let j = -47 + 90. Let h = l + j. What is the remainder when h is divided by 17?
15
Let p = -2 - -1. What is the remainder when (-8)/(-20) - 98/(-5) is divided by (p + 3 - -12) + -3?
9
Let v(a) = 16*a - 20. What is the remainder when v(3) is divided by 13?
2
Suppose -2*n - 5*r - 205 = 3*n, -3*r - 207 = 5*n. Let x = -27 - n. Calculate the remainder when 43 is divided by x.
13
Let l = -18 - -56. Calculate the remainder when 111 is divided by l.
35
Suppose -3*w = -w + 24. Let h be 1 + (-3 - -38) + -3. Let v = h + w. What is the remainder when 41 is divided by v?
20
Let m = -8 - -2. Let q = 1 - m. What is the remainder when 12 is divided by q?
5
Suppose 5*j + 33 = 6*j. Calculate the remainder when 195 is divided by j.
30
Suppose 0*b = -4*b - 16. What is the remainder when 28 is divided by b/14 + 72/7?
8
Let k = -19 + 45. Let p = 9 + -2. Calculate the remainder when k is divided by p.
5
What is the remainder when 33 is divided by 1/(-3*4/(-108))?
6
Suppose -3 = -13*z + 62. Let i = -9 - -18. Calculate the remainder when i is divided by z.
4
Suppose -f = -6*f. Suppose f = 4*p - 174 + 38. What is the remainder when p is divided by 12?
10
Let g be (-2 + (2 - -1))*19. Suppose n - 3 = -3*b, -3*b + g = n - 8*b. Calculate the remainder when 35 is divided by n.
8
Let x(d) = -6*d**3 - 8*d + 0*d**2 + 12 + 5*d**3 + 8*d**2. Calculate the remainder when x(6) is divided by 10.
6
Let g = 86 + -58. Calculate the remainder when g is divided by 6.
4
Let q = -24 + 43. What is the remainder when 37 is divided by q?
18
Calculate the remainder when 4/28 - (-472)/28 is divided by 1/(-4) + 41/4.
7
Suppose 18*o + 117 = 21*o. Calculate the remainder when o is divided by 11.
6
Suppose 228 = 4*r - 3*o + 7*o, 0 = -4*r + 2*o + 246. Suppose 0 = 7*v - 2*v - r. What is the remainder when v is divided by 7?
5
Let o = 116 - 69. Suppose 2*p - 12 = -0*j - 5*j, 5*p + 4*j = o. Let d = -101 + 104. What is the remainder when p is divided by d?
2
Suppose -2*u + 78 = 2*h, 0 = 3*u - 6*h + 3*h - 147. Calculate the remainder when u is divided by 23.
21
Let i(d) = -2*d + 5. Suppose v - 12 = -5*n, 0 = 3*n - 6 - 3. What is the remainder when i(v) is divided by 3?
2
Suppose -a = 3*n - 45, -4*n - 2*a + 42 = -n. What is the remainder when 42 is divided by n?
10
Let r = 131 + -59. What is the remainder when 42 is divided by (-2 + 0)*r/(-16)?
6
What is the remainder when 142/5 + (-18)/45 is divided by 15?
13
Let k(x) = 4*x + 1. Let a be k(-1). Let d(l) = l**2 - 2*l + 4. Let p be d(a). Suppose 0 = -5*i - 4 + p. What is the remainder when i is divided by 2?
1
Suppose 0 = 3*k + 4*y - 89, 0*y = 3*k + 5*y - 94. Calculate the remainder when k is divided by 6.
5
Let g be 4/2 + (-9 - -9). Suppose h = 5 - g, -5*h = -s - 4. What is the remainder when s is divided by 4?
3
Let u(b) = b**3 - b**2 - b. Let r be u(2). Suppose -5*f + 3*o + 113 = 0, r*f - 5*f + 71 = -5*o. What is the remainder when 65 is divided by f?
21
Let n = -23 - -13. Calculate the remainder when (-254)/n - (-2)/(-5) is divided by 9.
7
Let y = 0 - -8. Let m(o) = o**2 + 8*o + 12. What is the remainder when y is divided by m(-7)?
3
Let q be (1 - 3) + 2 + -1. Let y(z) = z**2 - 2. Let x be y(-2). What is the remainder when q - (-4 + -2)/x is divided by 2?
0
Suppose 2*m = -2*x + 22, -2*x - 5*m + 34 = -3. Calculate the remainder when x is divided by 2.
0
Let r(b) = 13 - 2*b**2 - 4*b**2 - 16 - b**3 - 6*b. What is the remainder when r(-5) is divided by 2/(-10) - 12/(-10)?
0
Let d = -8 - -17. Suppose a = -0*a + d. What is the remainder when 10 is divided by (-3)/((-4)/(48/a))?
2
Suppose 0 = -4*a - 5*b - 10, -b = -3*b - 4. Let f be 1 + (a/(-3))/2. What is the remainder when 35 is divided by 1/1 - (-11)/f?
11
Let z = 60 - 36. What is the remainder when z is divided by 9?
6
Let j(i) = -2*i**3 - 22*i**2 - 3*i - 23. Calculate the remainder when 29 is divided by j(-11).
9
Let m be -15 - -3 - (3 - -1). Let b = -12 - m. What is the remainder when 7 is divided by b?
3
Suppose -3*o + 21 = -2*d - 56, -3*o + 5*d + 89 = 0. Suppose -4*w - q = -27, 5*w - 45 = -6*q + q. What is the remainder when o is divided by w?
5
Suppose 14*i - 64 = -2*i. Suppose -4*w + 3 = 39. Let t = -3 - w. What is the remainder when t is divided by i?
2
Let h be (-5)/20 + (-7)/4. Let a(d) = -2*d**3 - d**2 + 2*d + 3. Suppose 3*p - 2*c = 20, -3*c = 5*p + 2*c. What is the remainder when a(h) is divided by p?
3
Suppose -4*h = n - 96, -2*h - 54 = -4*h - 2*n. Calculate the remainder when 68 is divided by h.
22
Suppose -5*v + 4*i + 96 = -v, -76 = -3*v + 4*i. Calculate the remainder when v is divided by 7.
6
Suppose 2*l + 3*l = -5, 2*l + 149 = 3*i. Let y = -9 + 22. Calculate the remainder when i is divided by y.
10
Suppose 4*j - 88 = -4*s, -j + 49 = 5*s - 3*s. What is the remainder when 132 is divided by s?
24
Suppose 0 = 4*d - 2*d + 212. Let s = -67 - d. What is the remainder when s is divided by 10?
9
Let t = -3 - -22. Calculate the remainder when 31 is divided by t.
12
Let c = -170 - -223. What is the remainder when c is divided by 14?
11
Let s(u) = 2 - 5 - 2*u**2 + 3*u**2 + 3*u - 2*u**3. Let y = 1 + -4. Calculate the remainder when s(y) is divided by 18.
15
Suppose 29 + 13 = 2*f. Calculate the remainder when 82 is divided by f.
19
Suppose -2*o = -5*v + 117, 3*v + 22 = 4*o + 95. Calculate the remainder when v is divided by 3.
2
Let p = 47 - 44. What is the remainder when 5 is divided by p?
2
Let z(t) = -28*t - 2. Calculate the remainder when z(-1) is divided by 10.
6
Let p = 14 + -3. What is the remainder when (2/3)/(2/57) is divided by p?
8
Let k = -2 + 7. Let d(g) = 17 - g + 3*g - 20. What is the remainder when 12 is divided by d(k)?
5
Let x(t) = t**3 - t. Let l be x(-1). Suppose l = f + 1 - 12. Calculate the remainder 